lions digit of 62962312?
6
What is the units digit of 22914434?
4
What is the hundred thousands digit of 112511780?
5
What is the ten millions digit of 97154102?
9
What is the units digit of 30919556?
6
What is the hundred thousands digit of 3961526?
9
What is the ten millions digit of 254295900?
5
What is the hundred thousands digit of 132509224?
5
What is the ten thousands digit of 73861166?
6
What is the thousands digit of 32838537?
8
What is the thousands digit of 87305255?
5
What is the tens digit of 5732710?
1
What is the hundred thousands digit of 3153055198?
0
What is the billions digit of 2996337171?
2
What is the hundred thousands digit of 234602124?
6
What is the hundred thousands digit of 1113315?
1
What is the millions digit of 141488607?
1
What is the ten millions digit of 39634895?
3
What is the tens digit of 1560210608?
0
What is the millions digit of 4687416554?
7
What is the ten millions digit of 176663606?
7
What is the thousands digit of 16603738?
3
What is the millions digit of 398146957?
8
What is the ten thousands digit of 162075735?
7
What is the tens digit of 4254716683?
8
What is the hundreds digit of 1289067241?
2
What is the units digit of 262521007?
7
What is the hundreds digit of 40964855?
8
What is the thousands digit of 101257891?
7
What is the millions digit of 105253530?
5
What is the hundreds digit of 130421637?
6
What is the tens digit of 45516770?
7
What is the hundred thousands digit of 1056984554?
9
What is the tens digit of 18293813?
1
What is the hundreds digit of 5146278336?
3
What is the millions digit of 485861849?
5
What is the ten millions digit of 115217871?
1
What is the thousands digit of 109827719?
7
What is the hundred thousands digit of 8750264?
7
What is the hundreds digit of 1288348902?
9
What is the tens digit of 339572402?
0
What is the thousands digit of 214213048?
3
What is the hundred millions digit of 642724949?
6
What is the ten thousands digit of 144911959?
1
What is the hundred millions digit of 104847671?
1
What is the hundreds digit of 40550452?
4
What is the units digit of 51536359?
9
What is the tens digit of 79306594?
9
What is the billions digit of 3005325610?
3
What is the millions digit of 430081730?
0
What is the ten thousands digit of 2260161736?
6
What is the thousands digit of 250237562?
7
What is the hundreds digit of 655374686?
6
What is the ten thousands digit of 1037316719?
1
What is the ten thousands digit of 5719841987?
4
What is the tens digit of 409309899?
9
What is the thousands digit of 1822483144?
3
What is the hundred thousands digit of 1909259?
9
What is the thousands digit of 77377772?
7
What is the billions digit of 1051501521?
1
What is the thousands digit of 2369332267?
2
What is the hundred millions digit of 148000410?
1
What is the ten millions digit of 433918426?
3
What is the tens digit of 540361798?
9
What is the thousands digit of 17840083?
0
What is the hundred millions digit of 3114005571?
1
What is the ten thousands digit of 30345176?
4
What is the ten millions digit of 906023469?
0
What is the millions digit of 327617936?
7
What is the hundred thousands digit of 43961672?
9
What is the hundreds digit of 72138025?
0
What is the millions digit of 451727303?
1
What is the millions digit of 34888027?
4
What is the hundreds digit of 2106810049?
0
What is the ten millions digit of 134102348?
3
What is the tens digit of 2331374500?
0
What is the millions digit of 10310677?
0
What is the tens digit of 4347071997?
9
What is the tens digit of 58113106?
0
What is the thousands digit of 181418075?
8
What is the hundreds digit of 6884966728?
7
What is the tens digit of 1070364626?
2
What is the billions digit of 3184784934?
3
What is the ten thousands digit of 1261627405?
2
What is the hundred thousands digit of 28124974?
1
What is the ten thousands digit of 49349203?
4
What is the hundreds digit of 45282015?
0
What is the ten millions digit of 3608005334?
0
What is the thousands digit of 56129365?
9
What is the hundreds digit of 276917391?
3
What is the thousands digit of 47704435?
4
What is the ten thousands digit of 90526259?
2
What is the ten millions digit of 21297768?
2
What is the hundred thousands digit of 146642437?
6
What is the hundred thousands digit of 2080401777?
4
What is the millions digit of 132529172?
2
What is the ten millions digit of 124338785?
2
What is the tens digit of 9101536?
3
What is the hundred thousands digit of 8593510411?
5
What is the ten thousands digit of 31776690?
7
What is the units digit of 23030653?
3
What is the units digit of 66389214?
4
What is the tens digit of 25036044?
4
What is the thousands digit of 3538209523?
9
What is the units digit of 31248300?
0
What is the ten millions digit of 132755190?
3
What is the units digit of 66672397?
7
What is the hundreds digit of 322063562?
5
What is the units digit of 1262240623?
3
What is the hundreds digit of 327908282?
2
What is the hundred thousands digit of 38415645?
4
What is the hundred thousands digit of 3196729213?
7
What is the thousands digit of 458044653?
4
What is the units digit of 228879298?
8
What is the thousands digit of 2531082660?
2
What is the tens digit of 55265823?
2
What is the thousands digit of 110290814?
0
What is the millions digit of 87380501?
7
What is the hundred millions digit of 1722086319?
7
What is the hundred millions digit of 529571590?
5
What is the millions digit of 2881119288?
1
What is the ten millions digit of 375254319?
7
What is the hundred thousands digit of 39694419?
6
What is the units digit of 892665064?
4
What is the hundreds digit of 92068177?
1
What is the ten thousands digit of 790708365?
0
What is the tens digit of 147942879?
7
What is the ten thousands digit of 911396905?
9
What is the hundred thousands digit of 1570574824?
5
What is the tens digit of 7305836?
3
What is the hundreds digit of 176766385?
3
What is the ten thousands digit of 84321821?
2
What is the units digit of 233807428?
8
What is the hundred millions digit of 136251585?
1
What is the thousands digit of 388708454?
8
What is the tens digit of 489971246?
4
What is the hundred thousands digit of 30138507?
1
What is the ten millions digit of 219867180?
1
What is the ten millions digit of 59703223?
5
What is the tens digit of 2059890654?
5
What is the millions digit of 73791164?
3
What is the ten millions digit of 46932459?
4
What is the hundred thousands digit of 352373050?
3
What is the tens digit of 55420096?
9
What is the thousands digit of 400807370?
7
What is the hundreds digit of 2946847934?
9
What is the tens digit of 37580450?
5
What is the units digit of 3401728?
8
What is the thousands digit of 124297572?
7
What is the tens digit of 2344747571?
7
What is the ten thousands digit of 1131791?
3
What is the ten millions digit of 20793193?
2
What is the tens digit of 2316847707?
0
What is the ten thousands digit of 5989284365?
8
What is the ten millions digit of 30625490?
3
What is the hundreds digit of 636169599?
5
What is the ten millions digit of 402283599?
0
What is the hundred millions digit of 102728602?
1
What is the hundreds digit of 3876236919?
9
What is the thousands digit of 873165169?
5
What is the units digit of 101353488?
8
What is the millions digit of 180552736?
0
What is the thousands digit of 90227006?
7
What is the billions digit of 1604215705?
1
What is the hundred thousands digit of 49615846?
6
What is the millions digit of 52951462?
2
What is the hundred millions digit of 358194862?
3
What is the tens digit of 995167040?
4
What is the units digit of 624294116?
6
What is the hundreds digit of 389164962?
9
What is the tens digit of 2205699013?
1
What is the hundreds digit of 1536456722?
7
What is the ten millions digit of 498887635?
9
What is the units digit of 38406797?
7
What is the millions digit of 834420852?
4
What is the units digit of 345685534?
4
What is the millions digit of 1925257958?
5
What is the hundreds digit of 24452433?
4
What is the tens digit of 113660120?
2
What is the tens digit of 990497844?
4
What is the hundreds digit of 92259498?
4
What is the units digit of 249796570?
0
What is the ten millions digit of 220019937?
2
What is the hundred millions digit of 3092350893?
0
What is the thousands digit of 47338